lculate the greatest common factor of 1997139864 and 552.
552
Calculate the greatest common divisor of 276 and 12369780.
12
What is the greatest common factor of 9287 and 6615356?
251
Calculate the greatest common factor of 44069421 and 1945.
389
What is the greatest common divisor of 1267 and 16287285?
1267
What is the highest common factor of 4072718 and 898456?
4238
Calculate the greatest common divisor of 344394 and 162.
18
Calculate the highest common divisor of 2536547 and 2093.
13
Calculate the greatest common factor of 65024 and 13843.
127
What is the greatest common divisor of 44 and 126476504?
44
What is the greatest common divisor of 254544 and 38759627?
5303
Calculate the greatest common factor of 1314 and 13575591.
657
What is the highest common factor of 105056 and 115199?
49
What is the highest common factor of 1089099 and 57684?
627
Calculate the greatest common factor of 2016 and 8154006.
42
What is the highest common factor of 2588 and 167606644?
2588
What is the greatest common factor of 38 and 9383606?
38
What is the greatest common divisor of 163556968 and 1416?
472
What is the highest common factor of 799 and 4555193?
47
What is the greatest common factor of 16 and 370528?
16
What is the greatest common factor of 349192 and 344?
8
Calculate the highest common divisor of 7023361 and 8.
1
What is the highest common divisor of 151959126 and 132?
66
What is the highest common factor of 21804480 and 146730?
2010
What is the highest common factor of 1038 and 475674?
6
What is the greatest common factor of 214 and 469877125?
107
Calculate the highest common factor of 3490 and 32095087.
349
What is the highest common factor of 159781 and 8?
1
Calculate the highest common factor of 1164381119 and 187.
187
Calculate the highest common divisor of 5 and 11467.
1
What is the highest common divisor of 93 and 1067679?
3
Calculate the greatest common divisor of 206484285 and 3594.
1797
Calculate the greatest common divisor of 26 and 794372.
2
Calculate the greatest common divisor of 431919 and 556131.
2823
Calculate the greatest common factor of 104186 and 16724.
226
Calculate the greatest common factor of 41068 and 12268.
4
Calculate the highest common divisor of 174 and 241066821.
87
What is the greatest common divisor of 32 and 9456376?
8
What is the highest common factor of 1470 and 32211921?
21
Calculate the greatest common divisor of 102 and 1833894.
6
Calculate the greatest common factor of 189185 and 1343135.
785
What is the highest common divisor of 31552 and 17871743?
493
What is the highest common divisor of 326800 and 4128?
688
Calculate the greatest common divisor of 2097182 and 1216.
38
Calculate the greatest common factor of 45 and 169491474.
9
Calculate the greatest common factor of 33936 and 7224.
168
What is the highest common divisor of 511245 and 107659?
541
Calculate the highest common divisor of 11710240 and 5408.
32
Calculate the highest common factor of 56645 and 50.
5
What is the greatest common divisor of 1470 and 13506066?
294
What is the greatest common factor of 14702757 and 25968?
1623
What is the greatest common factor of 6156 and 169219092?
228
What is the highest common factor of 248 and 514414?
62
What is the greatest common factor of 103 and 12531289?
103
Calculate the highest common factor of 6014 and 4556284.
194
Calculate the greatest common factor of 177493470 and 440.
110
What is the greatest common factor of 2035 and 1261706105?
2035
Calculate the highest common divisor of 564208168 and 2540.
508
What is the highest common factor of 90 and 3884085?
45
Calculate the greatest common divisor of 1022505 and 270.
15
Calculate the highest common factor of 1127556 and 1152.
36
What is the greatest common divisor of 150 and 33592970?
10
What is the highest common factor of 258600 and 1800?
600
Calculate the greatest common factor of 41181360 and 51.
3
Calculate the highest common divisor of 6662660 and 3930.
1310
Calculate the highest common divisor of 3249213 and 6.
3
What is the highest common divisor of 12600 and 3432800?
1400
What is the highest common factor of 54694 and 2606636?
1334
Calculate the greatest common divisor of 244529523 and 84.
21
What is the highest common divisor of 336 and 6300196?
28
What is the highest common factor of 649060 and 33833?
23
What is the highest common divisor of 384 and 2171424?
96
What is the greatest common factor of 46588 and 629128?
76
Calculate the greatest common divisor of 668 and 1124.
4
What is the highest common factor of 81 and 155852127?
27
What is the highest common factor of 38171969 and 418?
209
What is the greatest common factor of 473 and 18399832?
11
What is the highest common factor of 14836 and 337?
1
Calculate the highest common factor of 8059232 and 473.
43
What is the highest common divisor of 1575 and 15346737?
63
Calculate the highest common divisor of 100819953 and 585.
117
What is the highest common factor of 187479 and 85248?
333
What is the highest common factor of 2430 and 3972330?
90
What is the greatest common divisor of 78763 and 2133?
79
What is the greatest common divisor of 893001 and 985197?
591
What is the highest common factor of 4535144 and 2148?
716
Calculate the greatest common divisor of 640 and 10357280.
160
Calculate the greatest common divisor of 12521012 and 28.
28
What is the highest common divisor of 23020698 and 2514?
2514
What is the greatest common factor of 8036666 and 638?
22
What is the greatest common divisor of 136 and 4050437?
17
What is the greatest common divisor of 74977945 and 140?
35
Calculate the highest common divisor of 7616 and 153048.
56
What is the highest common divisor of 240 and 30036880?
80
Calculate the highest common divisor of 98606 and 194298.
94
Calculate the greatest common divisor of 67998482 and 5935.
1187
What is the greatest common divisor of 11377730 and 1365?
455
Calculate the greatest common divisor of 28704586 and 2644.
1322
What is the highest common factor of 17367 and 812721?
21
Calculate the greatest common factor of 2 and 1561249.
1
Calculate the highest common divisor of 2464864 and 9568.
736
Calculate the highest common factor of 477360 and 196176.
48
Calculate the greatest common factor of 339984240 and 180.
60
Calculate the highest common factor of 29 and 15029714.
29
Calculate the greatest common divisor of 63206 and 649506.
286
What is the highest common factor of 146790 and 7319229?
699
What is the highest common factor of 1614080 and 541840?
1040
What is the greatest common divisor of 20 and 1482620?
20
Calculate the highest common divisor of 52418431 and 689.
689
What is the greatest common divisor of 14809205 and 68840?
8605
Calculate the greatest common divisor of 41884409 and 662.
331
Calculate the greatest common factor of 8658 and 333481.
37
Calculate the greatest common factor of 13149 and 1255339413.
4383
Calculate the greatest common divisor of 412452 and 3353652.
684
Calculate the highest common divisor of 33993293 and 5284.
1321
What is the highest common divisor of 3775607 and 55?
11
What is the greatest common factor of 1481661 and 15?
3
Calculate the greatest common factor of 32136 and 357552.
312
Calculate the highest common divisor of 28638 and 135321.
129
What is the highest common factor of 55943055 and 45?
45
What is the greatest common factor of 113974531 and 33?
11
What is the highest common divisor of 1182 and 12858?
6
Calculate the highest common divisor of 14285283 and 57.
57
Calculate the highest common divisor of 1571040033 and 582.
291
Calculate the greatest common factor of 15372 and 2139228.
252
What is the greatest common factor of 1179 and 5579421?
393
Calculate the highest common divisor of 911758 and 2378.
82
Calculate the highest common factor of 8 and 68259544.
8
What is the highest common factor of 6299316 and 60912?
5076
Calculate the greatest common factor of 4527 and 892800.
9
What is the highest common divisor of 28822926 and 66?
66
What is the greatest common divisor of 2742176 and 2144?
2144
Calculate the greatest common divisor of 520 and 156182.
26
Calculate the greatest common divisor of 3367 and 553189.
91
What is the greatest common divisor of 1039324535 and 5721?
1907
Calculate the highest common divisor of 100 and 